NOAA Reports/Αναφορές NOAA

Select a Year or Month report
2017 > Jan Feb Mar Apr May Jun Jul Aug Sep Oct Nov Dec
2016 > Jan Feb Mar Apr May Jun Jul Aug Sep Oct Nov Dec

Report for 2017 09
                   MONTHLY CLIMATOLOGICAL SUMMARY for SEP. 2017

NAME: Gavdos Weather Station   CITY: Gavdos   STATE: Greece 
ELEV:    25 m  LAT:  34 48' 00" N  LONG:  24 06' 00" E

                   TEMPERATURE (C), RAIN  (mm), WIND SPEED (km/hr)

                                      HEAT  COOL        AVG
    MEAN                              DEG   DEG         WIND                 DOM
DAY TEMP  HIGH   TIME   LOW    TIME   DAYS  DAYS  RAIN  SPEED HIGH   TIME    DIR
------------------------------------------------------------------------------------
 1  25.6  30.9   15:30  22.6    3:30   0.0   7.3   0.0   5.0  29.0   15:45   SSE
 2  26.3  30.9   14:30  21.6    6:15   0.0   8.1   0.0   5.5  25.7   13:00   WNW
 3  26.7  31.6   13:30  23.0    6:30   0.0   8.4   0.0   7.9  37.0   19:20   WNW
 4  26.2  30.5   13:30  23.9   23:00   0.0   7.9   0.0  13.0  38.6   11:40    NW
 5  25.1  28.7   14:40  21.6    7:20   0.0   6.8   0.0   9.7  41.8   18:25    NW
 6  24.8  26.5   13:10  23.1    6:45   0.0   6.5   0.0  16.1  49.9    9:00    NE
 7  24.8  28.7   15:00  21.0    6:55   0.0   6.6   0.0   3.7  27.4   15:55   SSE
 8  25.2  29.3   16:20  22.2    7:20   0.0   6.9   0.0   4.5  24.1   14:00   WNW
 9  24.9  29.1   14:45  21.5    4:05   0.0   6.6   0.0   4.3  27.4   14:45   SSE
10  25.4  27.8   10:25  21.8    5:25   0.0   7.1   0.0   3.9  17.7   12:20    SE
11  25.9  29.3   16:00  22.1    7:00   0.0   7.6   0.0   3.7  14.5   23:25   SSE
12  25.7  28.4   12:40  23.6    6:05   0.0   7.3   0.0   9.5  32.2   18:25    NW
13  25.4  28.3   13:50  23.6    6:20   0.0   7.1   0.0  11.6  38.6   17:00    NW
14  25.8  31.2   14:45  22.6    5:45   0.0   7.5   0.0   6.1  30.6   21:15    NW
15  24.6  27.1   13:35  22.9    7:00   0.0   6.3   0.0  12.7  38.6   16:45    NW
16  25.1  30.2   12:40  21.8    6:50   0.0   6.8   0.0   6.4  30.6   15:35   WNW
17  26.3  31.8   16:45  22.8    6:45   0.0   8.0   0.0   3.1  22.5   15:45   WNW
18  27.9  33.9    9:55  22.7    5:15   0.0   9.6   0.0   5.8  29.0   19:15    NW
19  27.7  32.9   14:05  24.5   21:30   0.0   9.4   0.0   9.5  35.4   14:20    NW
20  26.6  29.4   14:45  24.4    8:05   0.0   7.2   0.0   4.5  22.5    1:15   WNW
21
22
23
24
25
26
27
28
29
30
-------------------------------------------------------------------------------------
    25.8  33.9    18    21.0     7     0.0 149.1   0.0   7.3  49.9     6      NW

Max >=  32.0:  2
Max <=   0.0:  0
Min <=   0.0:  0
Min <= -18.0:  0
Max Rain: 0.00 ON 01/09/17
Days of Rain: 0 (> .2 mm) 0 (> 2 mm) 0 (> 20 mm)
Heat Base:  18.3  Cool Base:  18.3  Method: Integration